{"id":6558,"date":"2024-08-01T22:34:59","date_gmt":"2024-08-01T22:34:59","guid":{"rendered":"https:\/\/comercializadoraromo-cdmx.com\/?post_type=product&#038;p=6558"},"modified":"2024-10-15T23:50:09","modified_gmt":"2024-10-15T23:50:09","slug":"guardian-del-desierto","status":"publish","type":"product","link":"https:\/\/comercializadoraromo-cdmx.com\/t10\/guardian-del-desierto\/","title":{"rendered":"Camiseta Org\u00e1nica Guardi\u00e1n del Desierto"},"content":{"rendered":"<h2>Camiseta Org\u00e1nica Unisex con Cuello Redondo: Guardi\u00e1n del Desierto<\/h2>\n<p>Camiseta Org\u00e1nica Guardi\u00e1n del Desierto | Next Level 4600 Black. Tu obra de arte merece un lienzo excepcional, y nuestra nueva camiseta suave de cuello redondo es el tel\u00f3n perfecto. Hecha con algod\u00f3n hilado en anillos 100% org\u00e1nico certificado, esta prenda no solo es c\u00f3moda, sino tambi\u00e9n amigable con el medio ambiente.<\/p>\n<h3>Caracter\u00edsticas:<\/h3>\n<ul>\n<li>Perfecta para los amantes de la naturaleza : Si te preocupa el planeta, esta camiseta es para ti. Cada hilo de algod\u00f3n org\u00e1nico es un voto a favor de un mundo m\u00e1s sostenible.<\/li>\n<li>Calidad superior : El algod\u00f3n peinado hilado en anillos garantiza una textura suave y duradera. No solo lucir\u00e1s bien, sino que tambi\u00e9n te sentir\u00e1s bien.<\/li>\n<li>Corte est\u00e1ndar : Apto para hombres y mujeres, esta camiseta se adapta a todos los estilos y tallas.<\/li>\n<li>Peso perfecto : Con 5,3 &#8211; 5,5 oz\/yard\u00b2 (180 &#8211; 187 g\/m\u00b2), es ligero pero resistente, ideal para cualquier ocasi\u00f3n.<\/li>\n<\/ul>\n<h3>Beneficios de elegir nuestra camiseta \u201cGuardi\u00e1n del Desierto\u201d:<\/h3>\n<ul>\n<li>Ecol\u00f3gico : El algod\u00f3n org\u00e1nico se cultiva sin pesticidas ni fertilizantes qu\u00edmicos, protegiendo la tierra y los agricultores.<\/li>\n<li>Calidad certificada : Nuestra camiseta cumple con los est\u00e1ndares GOTS, garantizando su origen y proceso de producci\u00f3n.<\/li>\n<li>Apoyo a comunidades : Al elegir algod\u00f3n org\u00e1nico, contribuye a una vida saludable para los agricultores y sus familias.<\/li>\n<li>Exclusividad : Fabricada bajo demanda, cada camiseta es \u00fanica y especial.<\/li>\n<\/ul>\n<p>\u00bfEst\u00e1s listo para ser el guardi\u00e1n del estilo y la sostenibilidad? \u00a1Adquiere la tuya ahora! &#x1f33f;&#x1f525;<\/p>\n<p>Gu\u00eda de tallas<\/p>\n<table>\n<tbody>\n<tr>\n<td><\/td>\n<td><strong>S<\/strong><\/td>\n<td><strong>M<\/strong><\/td>\n<td><strong>L<\/strong><\/td>\n<td><strong>XL<\/strong><\/td>\n<td><strong>2XL<\/strong><\/td>\n<td><strong>3XL<\/strong><\/td>\n<\/tr>\n<tr>\n<td><strong>A) Largo(cm)<\/strong><\/td>\n<td>68.6<\/td>\n<td>72.4<\/td>\n<td>76.2<\/td>\n<td>80<\/td>\n<td>83.8<\/td>\n<td>87.6<\/td>\n<\/tr>\n<tr>\n<td><strong>B) Medio pecho (cm)<\/strong><\/td>\n<td>52.1<\/td>\n<td>55.9<\/td>\n<td>59.7<\/td>\n<td>63.5<\/td>\n<td>67.3<\/td>\n<td>71.1<\/td>\n<\/tr>\n<tr>\n<td><strong>C) Largo de manga (cm)<\/strong><\/td>\n<td>21<\/td>\n<td>22.2<\/td>\n<td>23.5<\/td>\n<td>24.8<\/td>\n<td>26<\/td>\n<td>27.3<\/td>\n<\/tr>\n<\/tbody>\n<\/table>\n<table>\n<tbody>\n<tr>\n<td><\/td>\n<td><strong>S<\/strong><\/td>\n<td><strong>M<\/strong><\/td>\n<td><strong>L<\/strong><\/td>\n<td><strong>XL<\/strong><\/td>\n<td><strong>2XL<\/strong><\/td>\n<td><strong>3XL<\/strong><\/td>\n<\/tr>\n<tr>\n<td><strong>A) Largo(Pulgadas)<\/strong><\/td>\n<td>27<\/td>\n<td>28.5<\/td>\n<td>30<\/td>\n<td>31.5<\/td>\n<td>33<\/td>\n<td>34.5<\/td>\n<\/tr>\n<tr>\n<td><strong>B) Medio pecho (Pulgadas)<\/strong><\/td>\n<td>20.5<\/td>\n<td>22<\/td>\n<td>23.5<\/td>\n<td>25<\/td>\n<td>26.5<\/td>\n<td>28<\/td>\n<\/tr>\n<tr>\n<td><strong>C) Largo de manga (Pulgadas)<\/strong><\/td>\n<td>8.3<\/td>\n<td>8.7<\/td>\n<td>9.3<\/td>\n<td>9.8<\/td>\n<td>10.2<\/td>\n<td>10.7<\/td>\n<\/tr>\n<\/tbody>\n<\/table>\n<p>Instrucciones de cuidado<\/p>\n<table>\n<tbody>\n<tr>\n<td>General<\/td>\n<td>Una camiseta ecol\u00f3gica de alta calidad que no compromete el estilo ni la comodidad, lo que la convierte en una opci\u00f3n consciente para el consumidor consciente del medio ambiente.<\/td>\n<\/tr>\n<tr>\n<td>Lavado<\/td>\n<td>Se recomienda lavar de manera que se conserve el agua y la energ\u00eda, en l\u00ednea con su filosof\u00eda ecol\u00f3gica.<\/td>\n<\/tr>\n<tr>\n<td>Secado<\/td>\n<td>Se recomienda secar al aire para preservar la integridad de la tela y los beneficios ambientales.<\/td>\n<\/tr>\n<tr>\n<td>Almacenamiento<\/td>\n<td>Mant\u00e9ngala en un lugar fresco y seco para garantizar la longevidad de la camiseta y mantener su sostenibilidad ambiental.<\/td>\n<\/tr>\n<\/tbody>\n<\/table>\n","protected":false},"excerpt":{"rendered":"<p>La camiseta org\u00e1nica \u00abGuardi\u00e1n del Desierto\u00bb es mucho m\u00e1s que una prenda de vestir. Es un tributo a la naturaleza y la sostenibilidad. Nuestra camiseta de cuello redondo Next Level est\u00e1 confeccionada con algod\u00f3n hilado en anillos 100% org\u00e1nico certificado, ofreciendo no solo comodidad excepcional, sino un impacto positivo en el medio ambiente. Esta obra de arte en forma de camiseta es el lienzo perfecto para tu estilo consciente y elegante.<\/p>\n","protected":false},"featured_media":6590,"template":"","meta":{"_uag_custom_page_level_css":"","site-sidebar-layout":"default","site-content-layout":"","ast-site-content-layout":"default","site-content-style":"default","site-sidebar-style":"default","ast-global-header-display":"","ast-banner-title-visibility":"","ast-main-header-display":"","ast-hfb-above-header-display":"","ast-hfb-below-header-display":"","ast-hfb-mobile-header-display":"","site-post-title":"","ast-breadcrumbs-content":"","ast-featured-img":"","footer-sml-layout":"","theme-transparent-header-meta":"default","adv-header-id-meta":"","stick-header-meta":"","header-above-stick-meta":"","header-main-stick-meta":"","header-below-stick-meta":"","astra-migrate-meta-layouts":"set","ast-page-background-enabled":"default","ast-page-background-meta":{"desktop":{"background-color":"","background-image":"","background-repeat":"repeat","background-position":"center center","background-size":"auto","background-attachment":"scroll","background-type":"","background-media":"","overlay-type":"","overlay-color":"","overlay-opacity":"","overlay-gradient":""},"tablet":{"background-color":"","background-image":"","background-repeat":"repeat","background-position":"center center","background-size":"auto","background-attachment":"scroll","background-type":"","background-media":"","overlay-type":"","overlay-color":"","overlay-opacity":"","overlay-gradient":""},"mobile":{"background-color":"","background-image":"","background-repeat":"repeat","background-position":"center center","background-size":"auto","background-attachment":"scroll","background-type":"","background-media":"","overlay-type":"","overlay-color":"","overlay-opacity":"","overlay-gradient":""}},"ast-content-background-meta":{"desktop":{"background-color":"var(--ast-global-color-5)","background-image":"","background-repeat":"repeat","background-position":"center center","background-size":"auto","background-attachment":"scroll","background-type":"","background-media":"","overlay-type":"","overlay-color":"","overlay-opacity":"","overlay-gradient":""},"tablet":{"background-color":"var(--ast-global-color-5)","background-image":"","background-repeat":"repeat","background-position":"center center","background-size":"auto","background-attachment":"scroll","background-type":"","background-media":"","overlay-type":"","overlay-color":"","overlay-opacity":"","overlay-gradient":""},"mobile":{"background-color":"var(--ast-global-color-5)","background-image":"","background-repeat":"repeat","background-position":"center center","background-size":"auto","background-attachment":"scroll","background-type":"","background-media":"","overlay-type":"","overlay-color":"","overlay-opacity":"","overlay-gradient":""}}},"product_brand":[],"product_cat":[196],"product_tag":[],"class_list":{"0":"post-6558","1":"product","2":"type-product","3":"status-publish","4":"has-post-thumbnail","6":"product_cat-camiseta-de-algodon","7":"desktop-align-left","8":"tablet-align-left","9":"mobile-align-left","11":"first","12":"instock","13":"shipping-taxable","14":"purchasable","15":"product-type-variable"},"yoast_head":"<!-- This site is optimized with the Yoast SEO plugin v27.2 - https:\/\/yoast.com\/product\/yoast-seo-wordpress\/ -->\n<title>Camiseta Org\u00e1nica Guardi\u00e1n del Desierto<\/title>\n<meta name=\"description\" content=\"Camiseta Org\u00e1nica Guardi\u00e1n del Desierto. Un lienzo excepcional, y nuestra nueva camiseta suave de cuello redondo es el tel\u00f3n perfecto.\" \/>\n<meta name=\"robots\" content=\"index, follow, max-snippet:-1, max-image-preview:large, max-video-preview:-1\" \/>\n<link rel=\"canonical\" href=\"https:\/\/comercializadoraromo-cdmx.com\/t10\/guardian-del-desierto\/\" \/>\n<meta property=\"og:locale\" content=\"es_ES\" \/>\n<meta property=\"og:type\" content=\"article\" \/>\n<meta property=\"og:title\" content=\"Camiseta Org\u00e1nica Guardi\u00e1n del Desierto\" \/>\n<meta property=\"og:description\" content=\"Camiseta Org\u00e1nica Guardi\u00e1n del Desierto. Un lienzo excepcional, y nuestra nueva camiseta suave de cuello redondo es el tel\u00f3n perfecto.\" \/>\n<meta property=\"og:url\" content=\"https:\/\/comercializadoraromo-cdmx.com\/t10\/guardian-del-desierto\/\" \/>\n<meta property=\"og:site_name\" content=\"Productos sostenibles para un futuro mejor. \u00danete al cambio hoy\" \/>\n<meta property=\"article:publisher\" content=\"https:\/\/www.facebook.com\/share\/15DBPCzVEuE\/\" \/>\n<meta property=\"article:modified_time\" content=\"2024-10-15T23:50:09+00:00\" \/>\n<meta property=\"og:image\" content=\"https:\/\/comercializadoraromo-cdmx.com\/t10\/wp-content\/uploads\/2024\/08\/ffe4117f-75da-48ca-acba-31c811cddabe-e1742410213399.webp\" \/>\n\t<meta property=\"og:image:width\" content=\"300\" \/>\n\t<meta property=\"og:image:height\" content=\"300\" \/>\n\t<meta property=\"og:image:type\" content=\"image\/webp\" \/>\n<meta name=\"twitter:card\" content=\"summary_large_image\" \/>\n<meta name=\"twitter:label1\" content=\"Tiempo de lectura\" \/>\n\t<meta name=\"twitter:data1\" content=\"3 minutos\" \/>\n<script type=\"application\/ld+json\" class=\"yoast-schema-graph\">{\"@context\":\"https:\/\/schema.org\",\"@graph\":[{\"@type\":\"WebPage\",\"@id\":\"https:\/\/comercializadoraromo-cdmx.com\/t10\/guardian-del-desierto\/\",\"url\":\"https:\/\/comercializadoraromo-cdmx.com\/t10\/guardian-del-desierto\/\",\"name\":\"Camiseta Org\u00e1nica Guardi\u00e1n del Desierto\",\"isPartOf\":{\"@id\":\"https:\/\/comercializadoraromo-cdmx.com\/t10\/#website\"},\"primaryImageOfPage\":{\"@id\":\"https:\/\/comercializadoraromo-cdmx.com\/t10\/guardian-del-desierto\/#primaryimage\"},\"image\":{\"@id\":\"https:\/\/comercializadoraromo-cdmx.com\/t10\/guardian-del-desierto\/#primaryimage\"},\"thumbnailUrl\":\"https:\/\/comercializadoraromo-cdmx.com\/t10\/wp-content\/uploads\/2024\/08\/ffe4117f-75da-48ca-acba-31c811cddabe-e1742410213399.webp\",\"datePublished\":\"2024-08-01T22:34:59+00:00\",\"dateModified\":\"2024-10-15T23:50:09+00:00\",\"description\":\"Camiseta Org\u00e1nica Guardi\u00e1n del Desierto. Un lienzo excepcional, y nuestra nueva camiseta suave de cuello redondo es el tel\u00f3n perfecto.\",\"breadcrumb\":{\"@id\":\"https:\/\/comercializadoraromo-cdmx.com\/t10\/guardian-del-desierto\/#breadcrumb\"},\"inLanguage\":\"es\",\"potentialAction\":[{\"@type\":\"ReadAction\",\"target\":[\"https:\/\/comercializadoraromo-cdmx.com\/t10\/guardian-del-desierto\/\"]}]},{\"@type\":\"ImageObject\",\"inLanguage\":\"es\",\"@id\":\"https:\/\/comercializadoraromo-cdmx.com\/t10\/guardian-del-desierto\/#primaryimage\",\"url\":\"https:\/\/comercializadoraromo-cdmx.com\/t10\/wp-content\/uploads\/2024\/08\/ffe4117f-75da-48ca-acba-31c811cddabe-e1742410213399.webp\",\"contentUrl\":\"https:\/\/comercializadoraromo-cdmx.com\/t10\/wp-content\/uploads\/2024\/08\/ffe4117f-75da-48ca-acba-31c811cddabe-e1742410213399.webp\",\"width\":300,\"height\":300,\"caption\":\"Camiseta Org\u00e1nica Guardi\u00e1n del Desierto\"},{\"@type\":\"BreadcrumbList\",\"@id\":\"https:\/\/comercializadoraromo-cdmx.com\/t10\/guardian-del-desierto\/#breadcrumb\",\"itemListElement\":[{\"@type\":\"ListItem\",\"position\":1,\"name\":\"Portada\",\"item\":\"https:\/\/comercializadoraromo-cdmx.com\/t10\/\"},{\"@type\":\"ListItem\",\"position\":2,\"name\":\"Tienda Moda Sustentable Certificada en M\u00e9xico | RoMo\",\"item\":\"https:\/\/comercializadoraromo-cdmx.com\/t10\/tienda\/\"},{\"@type\":\"ListItem\",\"position\":3,\"name\":\"Camiseta Org\u00e1nica Guardi\u00e1n del Desierto\"}]},{\"@type\":\"WebSite\",\"@id\":\"https:\/\/comercializadoraromo-cdmx.com\/t10\/#website\",\"url\":\"https:\/\/comercializadoraromo-cdmx.com\/t10\/\",\"name\":\"Comercializadora RoMo\",\"description\":\"Productos sostenibles para un futuro mejor. \u00danete al cambio hoy\",\"publisher\":{\"@id\":\"https:\/\/comercializadoraromo-cdmx.com\/t10\/#organization\"},\"potentialAction\":[{\"@type\":\"SearchAction\",\"target\":{\"@type\":\"EntryPoint\",\"urlTemplate\":\"https:\/\/comercializadoraromo-cdmx.com\/t10\/?s={search_term_string}\"},\"query-input\":{\"@type\":\"PropertyValueSpecification\",\"valueRequired\":true,\"valueName\":\"search_term_string\"}}],\"inLanguage\":\"es\"},{\"@type\":\"Organization\",\"@id\":\"https:\/\/comercializadoraromo-cdmx.com\/t10\/#organization\",\"name\":\"Comercializadora RoMo\",\"url\":\"https:\/\/comercializadoraromo-cdmx.com\/t10\/\",\"logo\":{\"@type\":\"ImageObject\",\"inLanguage\":\"es\",\"@id\":\"https:\/\/comercializadoraromo-cdmx.com\/t10\/#\/schema\/logo\/image\/\",\"url\":\"https:\/\/comercializadoraromo-cdmx.com\/t10\/wp-content\/uploads\/2024\/01\/cropped-Logo-comercializadora-scaled-1.webp\",\"contentUrl\":\"https:\/\/comercializadoraromo-cdmx.com\/t10\/wp-content\/uploads\/2024\/01\/cropped-Logo-comercializadora-scaled-1.webp\",\"width\":2472,\"height\":1700,\"caption\":\"Comercializadora RoMo\"},\"image\":{\"@id\":\"https:\/\/comercializadoraromo-cdmx.com\/t10\/#\/schema\/logo\/image\/\"},\"sameAs\":[\"https:\/\/www.facebook.com\/share\/15DBPCzVEuE\/\"]}]}<\/script>\n<!-- \/ Yoast SEO plugin. -->","yoast_head_json":{"title":"Camiseta Org\u00e1nica Guardi\u00e1n del Desierto","description":"Camiseta Org\u00e1nica Guardi\u00e1n del Desierto. Un lienzo excepcional, y nuestra nueva camiseta suave de cuello redondo es el tel\u00f3n perfecto.","robots":{"index":"index","follow":"follow","max-snippet":"max-snippet:-1","max-image-preview":"max-image-preview:large","max-video-preview":"max-video-preview:-1"},"canonical":"https:\/\/comercializadoraromo-cdmx.com\/t10\/guardian-del-desierto\/","og_locale":"es_ES","og_type":"article","og_title":"Camiseta Org\u00e1nica Guardi\u00e1n del Desierto","og_description":"Camiseta Org\u00e1nica Guardi\u00e1n del Desierto. Un lienzo excepcional, y nuestra nueva camiseta suave de cuello redondo es el tel\u00f3n perfecto.","og_url":"https:\/\/comercializadoraromo-cdmx.com\/t10\/guardian-del-desierto\/","og_site_name":"Productos sostenibles para un futuro mejor. \u00danete al cambio hoy","article_publisher":"https:\/\/www.facebook.com\/share\/15DBPCzVEuE\/","article_modified_time":"2024-10-15T23:50:09+00:00","og_image":[{"width":300,"height":300,"url":"https:\/\/comercializadoraromo-cdmx.com\/t10\/wp-content\/uploads\/2024\/08\/ffe4117f-75da-48ca-acba-31c811cddabe-e1742410213399.webp","type":"image\/webp"}],"twitter_card":"summary_large_image","twitter_misc":{"Tiempo de lectura":"3 minutos"},"schema":{"@context":"https:\/\/schema.org","@graph":[{"@type":"WebPage","@id":"https:\/\/comercializadoraromo-cdmx.com\/t10\/guardian-del-desierto\/","url":"https:\/\/comercializadoraromo-cdmx.com\/t10\/guardian-del-desierto\/","name":"Camiseta Org\u00e1nica Guardi\u00e1n del Desierto","isPartOf":{"@id":"https:\/\/comercializadoraromo-cdmx.com\/t10\/#website"},"primaryImageOfPage":{"@id":"https:\/\/comercializadoraromo-cdmx.com\/t10\/guardian-del-desierto\/#primaryimage"},"image":{"@id":"https:\/\/comercializadoraromo-cdmx.com\/t10\/guardian-del-desierto\/#primaryimage"},"thumbnailUrl":"https:\/\/comercializadoraromo-cdmx.com\/t10\/wp-content\/uploads\/2024\/08\/ffe4117f-75da-48ca-acba-31c811cddabe-e1742410213399.webp","datePublished":"2024-08-01T22:34:59+00:00","dateModified":"2024-10-15T23:50:09+00:00","description":"Camiseta Org\u00e1nica Guardi\u00e1n del Desierto. Un lienzo excepcional, y nuestra nueva camiseta suave de cuello redondo es el tel\u00f3n perfecto.","breadcrumb":{"@id":"https:\/\/comercializadoraromo-cdmx.com\/t10\/guardian-del-desierto\/#breadcrumb"},"inLanguage":"es","potentialAction":[{"@type":"ReadAction","target":["https:\/\/comercializadoraromo-cdmx.com\/t10\/guardian-del-desierto\/"]}]},{"@type":"ImageObject","inLanguage":"es","@id":"https:\/\/comercializadoraromo-cdmx.com\/t10\/guardian-del-desierto\/#primaryimage","url":"https:\/\/comercializadoraromo-cdmx.com\/t10\/wp-content\/uploads\/2024\/08\/ffe4117f-75da-48ca-acba-31c811cddabe-e1742410213399.webp","contentUrl":"https:\/\/comercializadoraromo-cdmx.com\/t10\/wp-content\/uploads\/2024\/08\/ffe4117f-75da-48ca-acba-31c811cddabe-e1742410213399.webp","width":300,"height":300,"caption":"Camiseta Org\u00e1nica Guardi\u00e1n del Desierto"},{"@type":"BreadcrumbList","@id":"https:\/\/comercializadoraromo-cdmx.com\/t10\/guardian-del-desierto\/#breadcrumb","itemListElement":[{"@type":"ListItem","position":1,"name":"Portada","item":"https:\/\/comercializadoraromo-cdmx.com\/t10\/"},{"@type":"ListItem","position":2,"name":"Tienda Moda Sustentable Certificada en M\u00e9xico | RoMo","item":"https:\/\/comercializadoraromo-cdmx.com\/t10\/tienda\/"},{"@type":"ListItem","position":3,"name":"Camiseta Org\u00e1nica Guardi\u00e1n del Desierto"}]},{"@type":"WebSite","@id":"https:\/\/comercializadoraromo-cdmx.com\/t10\/#website","url":"https:\/\/comercializadoraromo-cdmx.com\/t10\/","name":"Comercializadora RoMo","description":"Productos sostenibles para un futuro mejor. \u00danete al cambio hoy","publisher":{"@id":"https:\/\/comercializadoraromo-cdmx.com\/t10\/#organization"},"potentialAction":[{"@type":"SearchAction","target":{"@type":"EntryPoint","urlTemplate":"https:\/\/comercializadoraromo-cdmx.com\/t10\/?s={search_term_string}"},"query-input":{"@type":"PropertyValueSpecification","valueRequired":true,"valueName":"search_term_string"}}],"inLanguage":"es"},{"@type":"Organization","@id":"https:\/\/comercializadoraromo-cdmx.com\/t10\/#organization","name":"Comercializadora RoMo","url":"https:\/\/comercializadoraromo-cdmx.com\/t10\/","logo":{"@type":"ImageObject","inLanguage":"es","@id":"https:\/\/comercializadoraromo-cdmx.com\/t10\/#\/schema\/logo\/image\/","url":"https:\/\/comercializadoraromo-cdmx.com\/t10\/wp-content\/uploads\/2024\/01\/cropped-Logo-comercializadora-scaled-1.webp","contentUrl":"https:\/\/comercializadoraromo-cdmx.com\/t10\/wp-content\/uploads\/2024\/01\/cropped-Logo-comercializadora-scaled-1.webp","width":2472,"height":1700,"caption":"Comercializadora RoMo"},"image":{"@id":"https:\/\/comercializadoraromo-cdmx.com\/t10\/#\/schema\/logo\/image\/"},"sameAs":["https:\/\/www.facebook.com\/share\/15DBPCzVEuE\/"]}]}},"uagb_featured_image_src":{"full":["https:\/\/comercializadoraromo-cdmx.com\/t10\/wp-content\/uploads\/2024\/08\/ffe4117f-75da-48ca-acba-31c811cddabe-e1742410213399.webp",300,300,false],"thumbnail":["https:\/\/comercializadoraromo-cdmx.com\/t10\/wp-content\/uploads\/2024\/08\/ffe4117f-75da-48ca-acba-31c811cddabe-150x150.webp",150,150,true],"medium":["https:\/\/comercializadoraromo-cdmx.com\/t10\/wp-content\/uploads\/2024\/08\/ffe4117f-75da-48ca-acba-31c811cddabe-300x300.webp",300,300,true],"medium_large":["https:\/\/comercializadoraromo-cdmx.com\/t10\/wp-content\/uploads\/2024\/08\/ffe4117f-75da-48ca-acba-31c811cddabe-768x768.webp",768,768,true],"large":["https:\/\/comercializadoraromo-cdmx.com\/t10\/wp-content\/uploads\/2024\/08\/ffe4117f-75da-48ca-acba-31c811cddabe-1024x1024.webp",1024,1024,true],"1536x1536":["https:\/\/comercializadoraromo-cdmx.com\/t10\/wp-content\/uploads\/2024\/08\/ffe4117f-75da-48ca-acba-31c811cddabe-1536x1536.webp",1536,1536,true],"2048x2048":["https:\/\/comercializadoraromo-cdmx.com\/t10\/wp-content\/uploads\/2024\/08\/ffe4117f-75da-48ca-acba-31c811cddabe-e1742410213399.webp",300,300,false],"woocommerce_thumbnail":["https:\/\/comercializadoraromo-cdmx.com\/t10\/wp-content\/uploads\/2024\/08\/ffe4117f-75da-48ca-acba-31c811cddabe-300x300.webp",300,300,true],"woocommerce_single":["https:\/\/comercializadoraromo-cdmx.com\/t10\/wp-content\/uploads\/2024\/08\/ffe4117f-75da-48ca-acba-31c811cddabe-600x600.webp",600,600,true],"woocommerce_gallery_thumbnail":["https:\/\/comercializadoraromo-cdmx.com\/t10\/wp-content\/uploads\/2024\/08\/ffe4117f-75da-48ca-acba-31c811cddabe-100x100.webp",100,100,true]},"uagb_author_info":{"display_name":"eroblespimentel","author_link":"https:\/\/comercializadoraromo-cdmx.com\/t10\/author\/"},"uagb_comment_info":0,"uagb_excerpt":"La camiseta org\u00e1nica \"Guardi\u00e1n del Desierto\" es mucho m\u00e1s que una prenda de vestir. Es un tributo a la naturaleza y la sostenibilidad. Nuestra camiseta de cuello redondo Next Level est\u00e1 confeccionada con algod\u00f3n hilado en anillos 100% org\u00e1nico certificado, ofreciendo no solo comodidad excepcional, sino un impacto positivo en el medio ambiente. Esta obra&hellip;","_links":{"self":[{"href":"https:\/\/comercializadoraromo-cdmx.com\/t10\/wp-json\/wp\/v2\/product\/6558","targetHints":{"allow":["GET"]}}],"collection":[{"href":"https:\/\/comercializadoraromo-cdmx.com\/t10\/wp-json\/wp\/v2\/product"}],"about":[{"href":"https:\/\/comercializadoraromo-cdmx.com\/t10\/wp-json\/wp\/v2\/types\/product"}],"wp:featuredmedia":[{"embeddable":true,"href":"https:\/\/comercializadoraromo-cdmx.com\/t10\/wp-json\/wp\/v2\/media\/6590"}],"wp:attachment":[{"href":"https:\/\/comercializadoraromo-cdmx.com\/t10\/wp-json\/wp\/v2\/media?parent=6558"}],"wp:term":[{"taxonomy":"product_brand","embeddable":true,"href":"https:\/\/comercializadoraromo-cdmx.com\/t10\/wp-json\/wp\/v2\/product_brand?post=6558"},{"taxonomy":"product_cat","embeddable":true,"href":"https:\/\/comercializadoraromo-cdmx.com\/t10\/wp-json\/wp\/v2\/product_cat?post=6558"},{"taxonomy":"product_tag","embeddable":true,"href":"https:\/\/comercializadoraromo-cdmx.com\/t10\/wp-json\/wp\/v2\/product_tag?post=6558"}],"curies":[{"name":"wp","href":"https:\/\/api.w.org\/{rel}","templated":true}]}}